in base 6?
5103553
-1011022132322 (base 4) to base 13
-39aa738
30810 (base 12) to base 16
f78c
What is 2420386 (base 10) in base 3?
11112222010221
What is -8b082 (base 16) in base 8?
-2130202
Convert -313201141 (base 5) to base 8.
-4761400
Convert 10001001001010011 (base 2) to base 11.
48843
203330222121 (base 4) to base 3
122201202122000
What is -10762422 (base 10) in base 3?
-202020210021020
Convert -85301 (base 14) to base 9.
-540174
What is -1144410 (base 7) in base 2?
-100011100011100011
-389a577 (base 12) to base 5
-10323401243
Convert 1150a (base 15) to base 2.
1101011101011111
Convert 378314 (base 11) to base 2.
10010001101010111010
Convert 132053 (base 8) to base 3.
2100021021
Convert -31012210323 (base 4) to base 13.
-933543
Convert 1bb752 (base 12) to base 6.
14352542
Convert 104331133 (base 5) to base 2.
1110001011010011111
What is 8a74 (base 14) in base 7?
130004
Convert -21624054 (base 7) to base 4.
-13020332232
43401 (base 11) to base 10
63042
Convert -24440430 (base 5) to base 3.
-102212210200
What is -23613 (base 15) in base 16?
-1b867
5381e7 (base 15) to base 3
21111000022101
What is -876067 (base 10) in base 12?
-362b97
-231737 (base 9) to base 16
-21f67
Convert -200121034 (base 5) to base 3.
-1110220212120
Convert 2524113 (base 6) to base 8.
411015
What is 2f5fdf (base 16) in base 6?
150313435
What is -71512 (base 11) in base 4?
-121133310
Convert -540ab2 (base 14) to base 11.
-1673463
Convert 21b1021 (base 13) to base 15.
d94156
Convert a93331 (base 11) to base 12.
702979
671744 (base 11) to base 13
2b6651
Convert -2135312 (base 6) to base 2.
-11001111010111100
Convert 1136335 (base 7) to base 13.
50656
Convert -51168 (base 12) to base 3.
-12100220022
Convert 113535356 (base 7) to base 16.
6b5640
Convert 30587c (base 16) to base 15.
428ba5
-223126 (base 13) to base 16
-c4e64
What is -1cac1 (base 14) in base 8?
-217401
Convert 110030223 (base 4) to base 6.
1435003
What is -648b2 (base 15) in base 2?
-1001101111011110001
-20211220221111 (base 3) to base 9
-6756844
-2fe54 (base 16) to base 11
-124436
What is -11001000110011001 (base 2) in base 3?
-12020000202
What is -89067 (base 11) in base 7?
-1045422
What is -13013011333 (base 4) in base 16?
-1c717f
-41132334 (base 5) to base 12
-140b91
-121546 (base 9) to base 14
-1ca31
1101001101001010111 (base 2) to base 15
88337
Convert 815583 (base 9) to base 3.
220112122210
-50203560 (base 7) to base 14
-7a14d7
Convert 110101000100000101110 (base 2) to base 8.
6504056
Convert 10502659 (base 10) to base 2.
101000000100001000000011
What is -219151 (base 14) in base 3?
-2010212110012
Convert 42818 (base 9) to base 11.
1a349
What is 81392 (base 11) in base 15?
25383
-7cb72 (base 16) to base 14
-d4242
Convert -37c69 (base 15) to base 9.
-301520
349907 (base 10) to base 9
582875
What is 145621135 (base 7) in base 12?
3324314
What is 222303312313 (base 4) in base 12?
3912587
-155346125 (base 7) to base 14
-158274c
Convert 382c86 (base 16) to base 5.
1420301124
What is 411190 (base 10) in base 9?
686037
What is -84009 (base 11) in base 8?
-357135
Convert 33304300 (base 5) to base 2.
1000111000110000000
What is -2490167 (base 10) in base 9?
-4614772
What is -14300 (base 11) in base 3?
-1000212220
What is -1029a07 (base 11) in base 3?
-10102011101122
49da0 (base 16) to base 15
5e966
Convert -8176836 (base 11) to base 3.
-1000011212211201
Convert -3518308 (base 9) to base 8.
-7203204
What is -10560854 (base 9) in base 12?
-1869b71
Convert 6747544 (base 8) to base 14.
3562b2
Convert 11023430 (base 7) to base 15.
13a9e5
-4006b7 (base 12) to base 11
-620616
Convert 10111111100110000 (base 2) to base 9.
158505
What is b28 (base 16) in base 4?
230220
What is -1001111111011110101001 (base 2) in base 13?
-7092b0
What is 2440024 (base 5) in base 11?
31839
Convert -1480006 (base 9) to base 16.
-c83a3
2342841 (base 9) to base 6
43104144
What is 6172865 (base 9) in base 3?
20012102222012
What is -381015 (base 12) in base 10?
-914129
Convert -9cc91 (base 13) to base 2.
-1000101101101110111
What is -3525354 (base 6) in base 14?
-4a7d4
Convert -4156460 (base 10) to base 7.
-50220650
Convert 24664074 (base 9) to base 7.
204514663
Convert 152806 (base 13) to base 5.
113113400
Convert -22040134 (base 5) to base 6.
-4023500
54297 (base 12) to base 14
2c643
What is -1a139a (base 11) in base 2?
-1001011100000010000
What is c5c5 (base 14) in base 12?
17881
2b171b (base 12) to base 13
1c679c
1d1919 (base 15) to base 8
5333114
What is -200232000032 (base 4) in base 14?
-11d3a58
Convert -131232200 (base 5) to base 16.
-9e75a
What is -61775601 (base 8) in base 14?
-1a52385
What is -1000001101101111110110 (base 2) in base 16?
-20dbf6
What is 5665661 (base 7) in base 11?
4420a5
Convert 30a4ca2 (base 13) to base 8.
70275231
-10000110000001101101100 (base 2) to base 14
-824712
What is 310532 (base 7) in base 4?
30331202
Convert -1644345 (base 8) to base 10.
-477413
Convert -2b004a (base 12) to base 4.
-2301030322
11422022 (base 5) to base 3
12110211012
What is 74225 (base 10) in base 13?
27a28
-21112002212012 (base 3) to base 8
-17200045
72f63 (base 16) to base 8
1627543
258630 (base 9) to base 12
77000
-481db (base 15) to base 13
-80870
ac013 (base 15) to base 16
857d0
Convert -30dc53 (base 14) to base 11.
-a28937
Convert 1316301 (base 9) to base 8.
2575627
What is 150876 (base 14) in base 2?
10110010100110111000
What is 4200104044 (base 5) in base 4?
200302332113
What is -e60238 (base 16) in base 14?
-2005556
What is -47388 (base 10) in base 4?
-23210130
1e9fd (base 16) to base 11
86274
Convert 104150 (base 9) to base 6.
1155243
Convert -1022231213 (base 4) to base 7.
-2413124
Convert -49c84 (base 13) to base 11.
-93326
Convert -300688 (base 10) to base 2.
-1001001011010010000
1ba1702 (base 13) to base 15
c1adee
Convert 570c7 (base 15) to base 10.
276937
Convert 116600 (base 7) to base 15.
65c5
What is 34331 (base 10) in base 7?
202043
Convert -164111 (base 8) to base 11.
-4074a
What is -3220b (base 13) in base 2?
-10110000100111010
Convert 213742 (base 11) to base 5.
41413004
What is 2847a (base 12) in base 13?
1c621
What is -13214040344 (base 5) in base 9?
-34123544
56133 (base 12) to base 6
2240503
Convert 18593 (base 10) to base 11.
12a73
-1257960 (base 10) to base 15
-19cae0
Convert 2333134 (base 6) to base 9.
204264
Convert -1880a (base 14) to base 5.
-3440241
Convert c982f (base 16) to base 8.
3114057
What is 1001110011110111010 (base 2) in base 13?
b3422
6d12 (base 15) to base 8
55230
Convert -b3b00 (base 14) to base 6.
-13140244
What is 84d4 (base 16) in base 3?
1201122102
What is -42756550 (base 8) in base 12?
-30a0608
Convert -1831a7 (base 13) to base 9.
-1124176
Convert -122100311021 (base 4) to base 8.
-32206511
Convert -22447485 (base 9) to base 15.
-e53a0e
132101321 (base 4) to base 7
1024406
84402 (base 14) to base 8
1157162
Convert 11382728 (base 10) to base 12.
398b288
-1259b (base 14) to base 12
-22079
What is -213352 (base 9) in base 14?
-34492
566b (base 15) to base 6
220502
100434432 (base 6) to base 12
6a8a18
What is 2253335 (base 6) in base 2?
11100010110011011
-4626025 (base 8) to base 3
-2100211112220
-5587375 (base 9) to base 10
-3010352
Convert 67a406 (base 15) to base 3.
100022020122120
What is -1221002010 (base 3) in base 11?
-26584
745450 (base 9) to base 8
1542321
111441142 (base 5) to base 2
1111001111101011011
What is 10011110111011111000 (base 2) in base 5?
131313000
What is 8b7ba (base 13) in base 15?
503cb
Convert 3544a16 (base 11) to base 3.
102122020022001
What is 1864677 (base 10) in base 6?
103544433
-50054001 (base 6) to base 9
-2574061
What is 47d014 (base 16) in base 11?
2724a27
Convert 1101000010000100101 (base 2) to base 4.
1220100211
-15b08 (base 13) to base 14
-11141
-3aaa1 (base 15) to base 12
-9098a
Convert -c95df (base 16) to base 14.
-176823
Convert -42053355 (base 6) to base 4.
-10221323213
What is 4102a (base 13) in base 9?
186688
What is -1137402 (base 8) in base 11?
-1a2766
-21107362 (base 8) to base 15
-5db412
Convert -2bc0db (base 16) to base 5.
-1213224134
Convert -3115410 (base 8) to base 10.
-826120
What is -2444350 (base 6) in base 7?
-1052523
Convert -20203233 (base 6) to base 2.
-10001100101010100101
-836370 (base 10) to base 14
-17ab2a
-e67e6b (base 16